{"id":97,"date":"2025-09-16T11:35:18","date_gmt":"2025-09-16T09:35:18","guid":{"rendered":"http:\/\/janescher.de\/?page_id=97"},"modified":"2025-10-04T15:03:05","modified_gmt":"2025-10-04T13:03:05","slug":"sie-wollen-uns-helfen","status":"publish","type":"page","link":"https:\/\/www.eulenforschung.de\/index.php\/sie-wollen-uns-helfen\/","title":{"rendered":"Sie wollen uns helfen?"},"content":{"rendered":"\n<p>Wie viele Projekte zum Schutz unserer Natur stehen auch wir vor Herausforderungen. Steink\u00e4uze und andere Eulen finden in den Medien selten Beachtung, dabei sp\u00fcren wir immer wieder, wie gro\u00df das Interesse vieler Menschen an diesen faszinierenden V\u00f6geln ist.<\/p>\n\n\n\n<p>Besonders die Unterhaltung der zahlreichen Brutpl\u00e4tze ist aufwendig und kostenintensiv: Nistr\u00f6hren m\u00fcssen regelm\u00e4\u00dfig repariert oder nach dem Verlust von Brutb\u00e4umen ersetzt werden. Mitgliedsbeitr\u00e4ge allein reichen daf\u00fcr nicht aus \u2013 deshalb sind wir auf Spenden angewiesen:<\/p>\n\n\n\n<p class=\"has-text-align-left\"><strong>Inhaber: FOGE e.V.<br>IBAN: DE86 6045 0050 0008 6059 88<br>BIC: SOLADES1LBG (Kreissparkasse Ludwigsburg)<\/strong><\/p>\n\n\n\n<p>Alternativ k\u00f6nnen Sie auch auf unser Projektkonto spenden, dessen Mittel ausschlie\u00dflich f\u00fcr das Steinkauzprojekt verwendet werden:<\/p>\n\n\n\n<p class=\"has-text-align-left\"><strong>IBAN: DE86 6005 0101 0008 1530 07<br>BIC: SOLADEST600 (Landesbank Baden-W\u00fcrttemberg)<\/strong><\/p>\n\n\n\n<p>Noch wertvoller als finanzielle Unterst\u00fctzung ist Ihre pers\u00f6nliche Mithilfe. Ob beim Bau, der Reparatur oder dem Anbringen von Nisthilfen, bei der Kontrolle der Brutpl\u00e4tze oder bei Datenerfassungen \u2013 es gibt viele M\u00f6glichkeiten, sich einzubringen. Wenn Sie handwerklich geschickt sind, vielleicht eine Werkstatt haben oder einfach Freude an Eulen, sind Sie bei uns genau richtig.<\/p>\n\n\n\n<p>Wenn Sie also immer wieder mal ein paar Stunden Zeit und Interesse an Eulen haben, dann melden Sie sich einfach formlos beim Projektleiter! Vielleicht m\u00f6chten Sie sogar bei uns im Verein Mitglied werden?<\/p>\n\n\n\n<div style=\"height:70px\" aria-hidden=\"true\" class=\"wp-block-spacer\"><\/div>\n\n\n\n<h1 class=\"wp-block-heading\">Mitgliedschaft<\/h1>\n\n\n\n<p>Bei der FOGE freuen wir uns \u00fcber jegliche Art von Unterst\u00fctzung. Wir laden sie daher herzlich dazu ein, bei uns <strong>Mitglied <\/strong>zu werden. Drucken sie einfach das Anmeldeformular aus und senden sie es per Post oder E-Mail an folgende Adresse:<\/p>\n\n\n\n<div class=\"wp-block-media-text is-stacked-on-mobile\"><figure class=\"wp-block-media-text__media\"><img loading=\"lazy\" decoding=\"async\" width=\"300\" height=\"200\" src=\"https:\/\/www.eulenforschung.de\/wp-content\/uploads\/2025\/10\/Steinkauz-mit-Strohhalm-300x200-1.jpg\" alt=\"\" class=\"wp-image-168 size-full\" srcset=\"https:\/\/www.eulenforschung.de\/wp-content\/uploads\/2025\/10\/Steinkauz-mit-Strohhalm-300x200-1.jpg 300w, https:\/\/www.eulenforschung.de\/wp-content\/uploads\/2025\/10\/Steinkauz-mit-Strohhalm-300x200-1-270x180.jpg 270w\" sizes=\"auto, (max-width: 300px) 100vw, 300px\" \/><\/figure><div class=\"wp-block-media-text__content\">\n<p>FOGE e.V.<br>Brunnengasse 3\/1<br>71739 Oberriexingen<\/p>\n\n\n\n<figure class=\"wp-block-image size-full\"><img loading=\"lazy\" decoding=\"async\" width=\"300\" height=\"24\" src=\"https:\/\/www.eulenforschung.de\/wp-content\/uploads\/2025\/10\/ma-300x24-1.gif\" alt=\"\" class=\"wp-image-169\"\/><\/figure>\n<\/div><\/div>\n\n\n\n<div style=\"height:35px\" aria-hidden=\"true\" class=\"wp-block-spacer\"><\/div>\n\n\n\n<div class=\"wp-block-buttons is-content-justification-center is-layout-flex wp-container-core-buttons-is-layout-16018d1d wp-block-buttons-is-layout-flex\">\n<div class=\"wp-block-button\"><a class=\"wp-block-button__link wp-element-button\" href=\"https:\/\/www.eulenforschung.de\/wp-content\/uploads\/2025\/10\/Beitrittsformular.pdf\" target=\"_blank\" rel=\"noreferrer noopener\">Beitrifftsformular (PDF)<\/a><\/div>\n\n\n\n<div class=\"wp-block-button\"><a class=\"wp-block-button__link wp-element-button\" href=\"https:\/\/www.eulenforschung.de\/index.php\/satzung-der-foge\/\">Vereinssatzung<\/a><\/div>\n<\/div>\n\n\n\n<p><\/p>\n","protected":false},"excerpt":{"rendered":"<p>Wie viele Projekte zum Schutz unserer Natur stehen auch wir vor Herausforderungen. Steink\u00e4uze und andere Eulen finden in den Medien selten Beachtung, dabei sp\u00fcren wir immer wieder, wie gro\u00df das&hellip;<\/p>\n","protected":false},"author":1,"featured_media":0,"parent":0,"menu_order":0,"comment_status":"closed","ping_status":"closed","template":"","meta":{"footnotes":""},"class_list":["post-97","page","type-page","status-publish","hentry","empty-entry-meta"],"yoast_head":"<!-- This site is optimized with the Yoast SEO plugin v27.3 - https:\/\/yoast.com\/product\/yoast-seo-wordpress\/ -->\n<title>Sie wollen uns helfen? - FOGE-Eulenforschung<\/title>\n<meta name=\"robots\" content=\"index, follow, max-snippet:-1, max-image-preview:large, max-video-preview:-1\" \/>\n<link rel=\"canonical\" href=\"https:\/\/www.eulenforschung.de\/index.php\/sie-wollen-uns-helfen\/\" \/>\n<meta property=\"og:locale\" content=\"de_DE\" \/>\n<meta property=\"og:type\" content=\"article\" \/>\n<meta property=\"og:title\" content=\"Sie wollen uns helfen? - FOGE-Eulenforschung\" \/>\n<meta property=\"og:description\" content=\"Wie viele Projekte zum Schutz unserer Natur stehen auch wir vor Herausforderungen. Steink\u00e4uze und andere Eulen finden in den Medien selten Beachtung, dabei sp\u00fcren wir immer wieder, wie gro\u00df das&hellip;\" \/>\n<meta property=\"og:url\" content=\"https:\/\/www.eulenforschung.de\/index.php\/sie-wollen-uns-helfen\/\" \/>\n<meta property=\"og:site_name\" content=\"FOGE-Eulenforschung\" \/>\n<meta property=\"article:modified_time\" content=\"2025-10-04T13:03:05+00:00\" \/>\n<meta property=\"og:image\" content=\"https:\/\/www.eulenforschung.de\/wp-content\/uploads\/2025\/10\/Steinkauz-mit-Strohhalm-300x200-1.jpg\" \/>\n<meta name=\"twitter:card\" content=\"summary_large_image\" \/>\n<meta name=\"twitter:label1\" content=\"Gesch\u00e4tzte Lesezeit\" \/>\n\t<meta name=\"twitter:data1\" content=\"1\u00a0Minute\" \/>\n<script type=\"application\/ld+json\" class=\"yoast-schema-graph\">{\"@context\":\"https:\\\/\\\/schema.org\",\"@graph\":[{\"@type\":\"WebPage\",\"@id\":\"https:\\\/\\\/www.eulenforschung.de\\\/index.php\\\/sie-wollen-uns-helfen\\\/\",\"url\":\"https:\\\/\\\/www.eulenforschung.de\\\/index.php\\\/sie-wollen-uns-helfen\\\/\",\"name\":\"Sie wollen uns helfen? - FOGE-Eulenforschung\",\"isPartOf\":{\"@id\":\"https:\\\/\\\/www.eulenforschung.de\\\/#website\"},\"primaryImageOfPage\":{\"@id\":\"https:\\\/\\\/www.eulenforschung.de\\\/index.php\\\/sie-wollen-uns-helfen\\\/#primaryimage\"},\"image\":{\"@id\":\"https:\\\/\\\/www.eulenforschung.de\\\/index.php\\\/sie-wollen-uns-helfen\\\/#primaryimage\"},\"thumbnailUrl\":\"https:\\\/\\\/www.eulenforschung.de\\\/wp-content\\\/uploads\\\/2025\\\/10\\\/Steinkauz-mit-Strohhalm-300x200-1.jpg\",\"datePublished\":\"2025-09-16T09:35:18+00:00\",\"dateModified\":\"2025-10-04T13:03:05+00:00\",\"breadcrumb\":{\"@id\":\"https:\\\/\\\/www.eulenforschung.de\\\/index.php\\\/sie-wollen-uns-helfen\\\/#breadcrumb\"},\"inLanguage\":\"de\",\"potentialAction\":[{\"@type\":\"ReadAction\",\"target\":[\"https:\\\/\\\/www.eulenforschung.de\\\/index.php\\\/sie-wollen-uns-helfen\\\/\"]}]},{\"@type\":\"ImageObject\",\"inLanguage\":\"de\",\"@id\":\"https:\\\/\\\/www.eulenforschung.de\\\/index.php\\\/sie-wollen-uns-helfen\\\/#primaryimage\",\"url\":\"https:\\\/\\\/www.eulenforschung.de\\\/wp-content\\\/uploads\\\/2025\\\/10\\\/Steinkauz-mit-Strohhalm-300x200-1.jpg\",\"contentUrl\":\"https:\\\/\\\/www.eulenforschung.de\\\/wp-content\\\/uploads\\\/2025\\\/10\\\/Steinkauz-mit-Strohhalm-300x200-1.jpg\",\"width\":300,\"height\":200},{\"@type\":\"BreadcrumbList\",\"@id\":\"https:\\\/\\\/www.eulenforschung.de\\\/index.php\\\/sie-wollen-uns-helfen\\\/#breadcrumb\",\"itemListElement\":[{\"@type\":\"ListItem\",\"position\":1,\"name\":\"Startseite\",\"item\":\"https:\\\/\\\/www.eulenforschung.de\\\/\"},{\"@type\":\"ListItem\",\"position\":2,\"name\":\"Sie wollen uns helfen?\"}]},{\"@type\":\"WebSite\",\"@id\":\"https:\\\/\\\/www.eulenforschung.de\\\/#website\",\"url\":\"https:\\\/\\\/www.eulenforschung.de\\\/\",\"name\":\"FOGE-Eulenforschung\",\"description\":\"Forschungsgemeinschaft zur Erhaltung einheimischer Eulen e.V.\",\"alternateName\":\"Forschungsgemeinschaft zur Erhaltung einheimischer Eulen e.V.\",\"potentialAction\":[{\"@type\":\"SearchAction\",\"target\":{\"@type\":\"EntryPoint\",\"urlTemplate\":\"https:\\\/\\\/www.eulenforschung.de\\\/?s={search_term_string}\"},\"query-input\":{\"@type\":\"PropertyValueSpecification\",\"valueRequired\":true,\"valueName\":\"search_term_string\"}}],\"inLanguage\":\"de\"}]}<\/script>\n<!-- \/ Yoast SEO plugin. -->","yoast_head_json":{"title":"Sie wollen uns helfen? - FOGE-Eulenforschung","robots":{"index":"index","follow":"follow","max-snippet":"max-snippet:-1","max-image-preview":"max-image-preview:large","max-video-preview":"max-video-preview:-1"},"canonical":"https:\/\/www.eulenforschung.de\/index.php\/sie-wollen-uns-helfen\/","og_locale":"de_DE","og_type":"article","og_title":"Sie wollen uns helfen? - FOGE-Eulenforschung","og_description":"Wie viele Projekte zum Schutz unserer Natur stehen auch wir vor Herausforderungen. Steink\u00e4uze und andere Eulen finden in den Medien selten Beachtung, dabei sp\u00fcren wir immer wieder, wie gro\u00df das&hellip;","og_url":"https:\/\/www.eulenforschung.de\/index.php\/sie-wollen-uns-helfen\/","og_site_name":"FOGE-Eulenforschung","article_modified_time":"2025-10-04T13:03:05+00:00","og_image":[{"url":"https:\/\/www.eulenforschung.de\/wp-content\/uploads\/2025\/10\/Steinkauz-mit-Strohhalm-300x200-1.jpg","type":"","width":"","height":""}],"twitter_card":"summary_large_image","twitter_misc":{"Gesch\u00e4tzte Lesezeit":"1\u00a0Minute"},"schema":{"@context":"https:\/\/schema.org","@graph":[{"@type":"WebPage","@id":"https:\/\/www.eulenforschung.de\/index.php\/sie-wollen-uns-helfen\/","url":"https:\/\/www.eulenforschung.de\/index.php\/sie-wollen-uns-helfen\/","name":"Sie wollen uns helfen? - FOGE-Eulenforschung","isPartOf":{"@id":"https:\/\/www.eulenforschung.de\/#website"},"primaryImageOfPage":{"@id":"https:\/\/www.eulenforschung.de\/index.php\/sie-wollen-uns-helfen\/#primaryimage"},"image":{"@id":"https:\/\/www.eulenforschung.de\/index.php\/sie-wollen-uns-helfen\/#primaryimage"},"thumbnailUrl":"https:\/\/www.eulenforschung.de\/wp-content\/uploads\/2025\/10\/Steinkauz-mit-Strohhalm-300x200-1.jpg","datePublished":"2025-09-16T09:35:18+00:00","dateModified":"2025-10-04T13:03:05+00:00","breadcrumb":{"@id":"https:\/\/www.eulenforschung.de\/index.php\/sie-wollen-uns-helfen\/#breadcrumb"},"inLanguage":"de","potentialAction":[{"@type":"ReadAction","target":["https:\/\/www.eulenforschung.de\/index.php\/sie-wollen-uns-helfen\/"]}]},{"@type":"ImageObject","inLanguage":"de","@id":"https:\/\/www.eulenforschung.de\/index.php\/sie-wollen-uns-helfen\/#primaryimage","url":"https:\/\/www.eulenforschung.de\/wp-content\/uploads\/2025\/10\/Steinkauz-mit-Strohhalm-300x200-1.jpg","contentUrl":"https:\/\/www.eulenforschung.de\/wp-content\/uploads\/2025\/10\/Steinkauz-mit-Strohhalm-300x200-1.jpg","width":300,"height":200},{"@type":"BreadcrumbList","@id":"https:\/\/www.eulenforschung.de\/index.php\/sie-wollen-uns-helfen\/#breadcrumb","itemListElement":[{"@type":"ListItem","position":1,"name":"Startseite","item":"https:\/\/www.eulenforschung.de\/"},{"@type":"ListItem","position":2,"name":"Sie wollen uns helfen?"}]},{"@type":"WebSite","@id":"https:\/\/www.eulenforschung.de\/#website","url":"https:\/\/www.eulenforschung.de\/","name":"FOGE-Eulenforschung","description":"Forschungsgemeinschaft zur Erhaltung einheimischer Eulen e.V.","alternateName":"Forschungsgemeinschaft zur Erhaltung einheimischer Eulen e.V.","potentialAction":[{"@type":"SearchAction","target":{"@type":"EntryPoint","urlTemplate":"https:\/\/www.eulenforschung.de\/?s={search_term_string}"},"query-input":{"@type":"PropertyValueSpecification","valueRequired":true,"valueName":"search_term_string"}}],"inLanguage":"de"}]}},"_links":{"self":[{"href":"https:\/\/www.eulenforschung.de\/index.php\/wp-json\/wp\/v2\/pages\/97","targetHints":{"allow":["GET"]}}],"collection":[{"href":"https:\/\/www.eulenforschung.de\/index.php\/wp-json\/wp\/v2\/pages"}],"about":[{"href":"https:\/\/www.eulenforschung.de\/index.php\/wp-json\/wp\/v2\/types\/page"}],"author":[{"embeddable":true,"href":"https:\/\/www.eulenforschung.de\/index.php\/wp-json\/wp\/v2\/users\/1"}],"replies":[{"embeddable":true,"href":"https:\/\/www.eulenforschung.de\/index.php\/wp-json\/wp\/v2\/comments?post=97"}],"version-history":[{"count":8,"href":"https:\/\/www.eulenforschung.de\/index.php\/wp-json\/wp\/v2\/pages\/97\/revisions"}],"predecessor-version":[{"id":384,"href":"https:\/\/www.eulenforschung.de\/index.php\/wp-json\/wp\/v2\/pages\/97\/revisions\/384"}],"wp:attachment":[{"href":"https:\/\/www.eulenforschung.de\/index.php\/wp-json\/wp\/v2\/media?parent=97"}],"curies":[{"name":"wp","href":"https:\/\/api.w.org\/{rel}","templated":true}]}}