{"id":301,"date":"2025-10-03T17:08:02","date_gmt":"2025-10-03T15:08:02","guid":{"rendered":"http:\/\/janescher.de\/?page_id=301"},"modified":"2025-10-03T19:16:10","modified_gmt":"2025-10-03T17:16:10","slug":"waldohreule","status":"publish","type":"page","link":"https:\/\/www.eulenforschung.de\/index.php\/waldohreule\/","title":{"rendered":"Die Waldohreule (Asio utus)"},"content":{"rendered":"\n<h2 class=\"wp-block-heading\">Merkmale<\/h2>\n\n\n\n<p>Die Waldohreule ist so gro\u00df wie die Schleiereule. Auffallend sind ihre langen, meist hochaufgerichteten Federohren und ihre feuergelben bis glutroten Augen. Das Gefieder ist oberseits gelblich-braun mit dunklen Schaftstrichen.<\/p>\n\n\n\n<figure class=\"wp-block-image size-full\"><img loading=\"lazy\" decoding=\"async\" width=\"300\" height=\"200\" src=\"http:\/\/janescher.de\/wp-content\/uploads\/2025\/10\/Waldohreule-im-Baum-300x200-1.jpg\" alt=\"\" class=\"wp-image-302\" srcset=\"https:\/\/www.eulenforschung.de\/wp-content\/uploads\/2025\/10\/Waldohreule-im-Baum-300x200-1.jpg 300w, https:\/\/www.eulenforschung.de\/wp-content\/uploads\/2025\/10\/Waldohreule-im-Baum-300x200-1-270x180.jpg 270w\" sizes=\"auto, (max-width: 300px) 100vw, 300px\" \/><\/figure>\n\n\n\n<h2 class=\"wp-block-heading\">Lebensraum<\/h2>\n\n\n\n<p>Die Waldohreule bevorzugt dichte Nadel- und Mischw\u00e4lder als Ruhe- und Brutplatz. Die Jagd findet vorwiegend auf den an W\u00e4lder angrenzenden, freien Fl\u00e4chen statt. Im Kreis Ludwigsburg geh\u00f6rt die Waldohreule zu den regelm\u00e4\u00dfigen Brutv\u00f6geln. Aufgrund ihrer fast perfekten Tarnung und heimlichen Lebensweise bekommt man die Waldohreule besonders im Sommerhalbjahr nur schwer zu Gesicht. Im Winter sammeln sich Waldohreulen oft in bis zu zwei- oder sogar dreistelliger Anzahl in so genannten Schlafgemeinschaften.<\/p>\n\n\n\n<h2 class=\"wp-block-heading\">Nahrung<\/h2>\n\n\n\n<p>Hauptnahrung der Waldohreule sind kleine W\u00fchlm\u00e4use. Diese machen \u00fcber 80% ihrer Beutetiere aus. Nur gelegentlich werden andere M\u00e4usearten oder Kleinv\u00f6gel erbeutet.<\/p>\n\n\n\n<h2 class=\"wp-block-heading\">Schutzma\u00dfnahmen<\/h2>\n\n\n\n<p>Die Waldohreule ist in Deutschland nach dem Waldkauz die h\u00e4ufigste Eulenart und bedarf \u00fcblicherweise keiner gezielten Artenhilfsprogramme. G\u00fcnstig f\u00fcr die Waldohreule wirken sich erhaltengebliebene Kr\u00e4hen-, Tauben- sowie Elsternnester an Waldr\u00e4ndern aber auch in Hausg\u00e4rten, Parks und Friedh\u00f6fen als Brutplatz aus.<\/p>\n\n\n\n<p>Da Waldohreulen oft in menschlicher N\u00e4he br\u00fcten, werden regelm\u00e4\u00dfig Jungv\u00f6gel im \u00c4stlingsstadium aufgefunden und in Auffangstationen abgegeben. In der Regel w\u00fcrden die \u00c4stlinge von den Altv\u00f6geln weiter versorgt, sollten also vor Ort belassen werden. Im Zweifelsfall sollte ein Experte zur Rat gezogen werden, welcher die Entscheidung treffen kann, ob es notwendig ist, die Jungv\u00f6gel in menschliche Obhut zu nehmen und per Hand aufzuziehen.<\/p>\n\n\n\n<figure class=\"wp-block-image size-full\"><img loading=\"lazy\" decoding=\"async\" width=\"300\" height=\"225\" src=\"http:\/\/janescher.de\/wp-content\/uploads\/2025\/10\/Waldohreule_Aufzucht-300x225-1.jpg\" alt=\"\" class=\"wp-image-303\" srcset=\"https:\/\/www.eulenforschung.de\/wp-content\/uploads\/2025\/10\/Waldohreule_Aufzucht-300x225-1.jpg 300w, https:\/\/www.eulenforschung.de\/wp-content\/uploads\/2025\/10\/Waldohreule_Aufzucht-300x225-1-240x180.jpg 240w\" sizes=\"auto, (max-width: 300px) 100vw, 300px\" \/><\/figure>\n","protected":false},"excerpt":{"rendered":"<p>Merkmale Die Waldohreule ist so gro\u00df wie die Schleiereule. Auffallend sind ihre langen, meist hochaufgerichteten Federohren und ihre feuergelben bis glutroten Augen. Das Gefieder ist oberseits gelblich-braun mit dunklen Schaftstrichen.&hellip;<\/p>\n","protected":false},"author":1,"featured_media":0,"parent":0,"menu_order":0,"comment_status":"closed","ping_status":"closed","template":"","meta":{"footnotes":""},"class_list":["post-301","page","type-page","status-publish","hentry","empty-entry-meta"],"yoast_head":"<!-- This site is optimized with the Yoast SEO plugin v27.5 - https:\/\/yoast.com\/product\/yoast-seo-wordpress\/ -->\n<title>Die Waldohreule (Asio utus) - FOGE-Eulenforschung<\/title>\n<meta name=\"robots\" content=\"index, follow, max-snippet:-1, max-image-preview:large, max-video-preview:-1\" \/>\n<link rel=\"canonical\" href=\"https:\/\/www.eulenforschung.de\/index.php\/waldohreule\/\" \/>\n<meta property=\"og:locale\" content=\"de_DE\" \/>\n<meta property=\"og:type\" content=\"article\" \/>\n<meta property=\"og:title\" content=\"Die Waldohreule (Asio utus) - FOGE-Eulenforschung\" \/>\n<meta property=\"og:description\" content=\"Merkmale Die Waldohreule ist so gro\u00df wie die Schleiereule. Auffallend sind ihre langen, meist hochaufgerichteten Federohren und ihre feuergelben bis glutroten Augen. Das Gefieder ist oberseits gelblich-braun mit dunklen Schaftstrichen.&hellip;\" \/>\n<meta property=\"og:url\" content=\"https:\/\/www.eulenforschung.de\/index.php\/waldohreule\/\" \/>\n<meta property=\"og:site_name\" content=\"FOGE-Eulenforschung\" \/>\n<meta property=\"article:modified_time\" content=\"2025-10-03T17:16:10+00:00\" \/>\n<meta property=\"og:image\" content=\"http:\/\/janescher.de\/wp-content\/uploads\/2025\/10\/Waldohreule-im-Baum-300x200-1.jpg\" \/>\n<meta name=\"twitter:card\" content=\"summary_large_image\" \/>\n<meta name=\"twitter:label1\" content=\"Gesch\u00e4tzte Lesezeit\" \/>\n\t<meta name=\"twitter:data1\" content=\"1\u00a0Minute\" \/>\n<script type=\"application\/ld+json\" class=\"yoast-schema-graph\">{\"@context\":\"https:\\\/\\\/schema.org\",\"@graph\":[{\"@type\":\"WebPage\",\"@id\":\"https:\\\/\\\/www.eulenforschung.de\\\/index.php\\\/waldohreule\\\/\",\"url\":\"https:\\\/\\\/www.eulenforschung.de\\\/index.php\\\/waldohreule\\\/\",\"name\":\"Die Waldohreule (Asio utus) - FOGE-Eulenforschung\",\"isPartOf\":{\"@id\":\"https:\\\/\\\/www.eulenforschung.de\\\/#website\"},\"primaryImageOfPage\":{\"@id\":\"https:\\\/\\\/www.eulenforschung.de\\\/index.php\\\/waldohreule\\\/#primaryimage\"},\"image\":{\"@id\":\"https:\\\/\\\/www.eulenforschung.de\\\/index.php\\\/waldohreule\\\/#primaryimage\"},\"thumbnailUrl\":\"http:\\\/\\\/janescher.de\\\/wp-content\\\/uploads\\\/2025\\\/10\\\/Waldohreule-im-Baum-300x200-1.jpg\",\"datePublished\":\"2025-10-03T15:08:02+00:00\",\"dateModified\":\"2025-10-03T17:16:10+00:00\",\"breadcrumb\":{\"@id\":\"https:\\\/\\\/www.eulenforschung.de\\\/index.php\\\/waldohreule\\\/#breadcrumb\"},\"inLanguage\":\"de\",\"potentialAction\":[{\"@type\":\"ReadAction\",\"target\":[\"https:\\\/\\\/www.eulenforschung.de\\\/index.php\\\/waldohreule\\\/\"]}]},{\"@type\":\"ImageObject\",\"inLanguage\":\"de\",\"@id\":\"https:\\\/\\\/www.eulenforschung.de\\\/index.php\\\/waldohreule\\\/#primaryimage\",\"url\":\"http:\\\/\\\/janescher.de\\\/wp-content\\\/uploads\\\/2025\\\/10\\\/Waldohreule-im-Baum-300x200-1.jpg\",\"contentUrl\":\"http:\\\/\\\/janescher.de\\\/wp-content\\\/uploads\\\/2025\\\/10\\\/Waldohreule-im-Baum-300x200-1.jpg\"},{\"@type\":\"BreadcrumbList\",\"@id\":\"https:\\\/\\\/www.eulenforschung.de\\\/index.php\\\/waldohreule\\\/#breadcrumb\",\"itemListElement\":[{\"@type\":\"ListItem\",\"position\":1,\"name\":\"Startseite\",\"item\":\"https:\\\/\\\/www.eulenforschung.de\\\/\"},{\"@type\":\"ListItem\",\"position\":2,\"name\":\"Die Waldohreule (Asio utus)\"}]},{\"@type\":\"WebSite\",\"@id\":\"https:\\\/\\\/www.eulenforschung.de\\\/#website\",\"url\":\"https:\\\/\\\/www.eulenforschung.de\\\/\",\"name\":\"FOGE-Eulenforschung\",\"description\":\"Forschungsgemeinschaft zur Erhaltung einheimischer Eulen e.V.\",\"alternateName\":\"Forschungsgemeinschaft zur Erhaltung einheimischer Eulen e.V.\",\"potentialAction\":[{\"@type\":\"SearchAction\",\"target\":{\"@type\":\"EntryPoint\",\"urlTemplate\":\"https:\\\/\\\/www.eulenforschung.de\\\/?s={search_term_string}\"},\"query-input\":{\"@type\":\"PropertyValueSpecification\",\"valueRequired\":true,\"valueName\":\"search_term_string\"}}],\"inLanguage\":\"de\"}]}<\/script>\n<!-- \/ Yoast SEO plugin. -->","yoast_head_json":{"title":"Die Waldohreule (Asio utus) - FOGE-Eulenforschung","robots":{"index":"index","follow":"follow","max-snippet":"max-snippet:-1","max-image-preview":"max-image-preview:large","max-video-preview":"max-video-preview:-1"},"canonical":"https:\/\/www.eulenforschung.de\/index.php\/waldohreule\/","og_locale":"de_DE","og_type":"article","og_title":"Die Waldohreule (Asio utus) - FOGE-Eulenforschung","og_description":"Merkmale Die Waldohreule ist so gro\u00df wie die Schleiereule. Auffallend sind ihre langen, meist hochaufgerichteten Federohren und ihre feuergelben bis glutroten Augen. Das Gefieder ist oberseits gelblich-braun mit dunklen Schaftstrichen.&hellip;","og_url":"https:\/\/www.eulenforschung.de\/index.php\/waldohreule\/","og_site_name":"FOGE-Eulenforschung","article_modified_time":"2025-10-03T17:16:10+00:00","og_image":[{"url":"http:\/\/janescher.de\/wp-content\/uploads\/2025\/10\/Waldohreule-im-Baum-300x200-1.jpg","type":"","width":"","height":""}],"twitter_card":"summary_large_image","twitter_misc":{"Gesch\u00e4tzte Lesezeit":"1\u00a0Minute"},"schema":{"@context":"https:\/\/schema.org","@graph":[{"@type":"WebPage","@id":"https:\/\/www.eulenforschung.de\/index.php\/waldohreule\/","url":"https:\/\/www.eulenforschung.de\/index.php\/waldohreule\/","name":"Die Waldohreule (Asio utus) - FOGE-Eulenforschung","isPartOf":{"@id":"https:\/\/www.eulenforschung.de\/#website"},"primaryImageOfPage":{"@id":"https:\/\/www.eulenforschung.de\/index.php\/waldohreule\/#primaryimage"},"image":{"@id":"https:\/\/www.eulenforschung.de\/index.php\/waldohreule\/#primaryimage"},"thumbnailUrl":"http:\/\/janescher.de\/wp-content\/uploads\/2025\/10\/Waldohreule-im-Baum-300x200-1.jpg","datePublished":"2025-10-03T15:08:02+00:00","dateModified":"2025-10-03T17:16:10+00:00","breadcrumb":{"@id":"https:\/\/www.eulenforschung.de\/index.php\/waldohreule\/#breadcrumb"},"inLanguage":"de","potentialAction":[{"@type":"ReadAction","target":["https:\/\/www.eulenforschung.de\/index.php\/waldohreule\/"]}]},{"@type":"ImageObject","inLanguage":"de","@id":"https:\/\/www.eulenforschung.de\/index.php\/waldohreule\/#primaryimage","url":"http:\/\/janescher.de\/wp-content\/uploads\/2025\/10\/Waldohreule-im-Baum-300x200-1.jpg","contentUrl":"http:\/\/janescher.de\/wp-content\/uploads\/2025\/10\/Waldohreule-im-Baum-300x200-1.jpg"},{"@type":"BreadcrumbList","@id":"https:\/\/www.eulenforschung.de\/index.php\/waldohreule\/#breadcrumb","itemListElement":[{"@type":"ListItem","position":1,"name":"Startseite","item":"https:\/\/www.eulenforschung.de\/"},{"@type":"ListItem","position":2,"name":"Die Waldohreule (Asio utus)"}]},{"@type":"WebSite","@id":"https:\/\/www.eulenforschung.de\/#website","url":"https:\/\/www.eulenforschung.de\/","name":"FOGE-Eulenforschung","description":"Forschungsgemeinschaft zur Erhaltung einheimischer Eulen e.V.","alternateName":"Forschungsgemeinschaft zur Erhaltung einheimischer Eulen e.V.","potentialAction":[{"@type":"SearchAction","target":{"@type":"EntryPoint","urlTemplate":"https:\/\/www.eulenforschung.de\/?s={search_term_string}"},"query-input":{"@type":"PropertyValueSpecification","valueRequired":true,"valueName":"search_term_string"}}],"inLanguage":"de"}]}},"_links":{"self":[{"href":"https:\/\/www.eulenforschung.de\/index.php\/wp-json\/wp\/v2\/pages\/301","targetHints":{"allow":["GET"]}}],"collection":[{"href":"https:\/\/www.eulenforschung.de\/index.php\/wp-json\/wp\/v2\/pages"}],"about":[{"href":"https:\/\/www.eulenforschung.de\/index.php\/wp-json\/wp\/v2\/types\/page"}],"author":[{"embeddable":true,"href":"https:\/\/www.eulenforschung.de\/index.php\/wp-json\/wp\/v2\/users\/1"}],"replies":[{"embeddable":true,"href":"https:\/\/www.eulenforschung.de\/index.php\/wp-json\/wp\/v2\/comments?post=301"}],"version-history":[{"count":1,"href":"https:\/\/www.eulenforschung.de\/index.php\/wp-json\/wp\/v2\/pages\/301\/revisions"}],"predecessor-version":[{"id":304,"href":"https:\/\/www.eulenforschung.de\/index.php\/wp-json\/wp\/v2\/pages\/301\/revisions\/304"}],"wp:attachment":[{"href":"https:\/\/www.eulenforschung.de\/index.php\/wp-json\/wp\/v2\/media?parent=301"}],"curies":[{"name":"wp","href":"https:\/\/api.w.org\/{rel}","templated":true}]}}

<h2 class="wp-block-heading">Merkmale</h2>



<p>Die Waldohreule ist so groß wie die Schleiereule. Auffallend sind ihre langen, meist hochaufgerichteten Federohren und ihre feuergelben bis glutroten Augen. Das Gefieder ist oberseits gelblich-braun mit dunklen Schaftstrichen.</p>



<figure class="wp-block-image size-full"><img loading="lazy" decoding="async" width="300" height="200" src="http://janescher.de/wp-content/uploads/2025/10/Waldohreule-im-Baum-300x200-1.jpg" alt="" class="wp-image-302" srcset="https://www.eulenforschung.de/wp-content/uploads/2025/10/Waldohreule-im-Baum-300x200-1.jpg 300w, https://www.eulenforschung.de/wp-content/uploads/2025/10/Waldohreule-im-Baum-300x200-1-270x180.jpg 270w" sizes="auto, (max-width: 300px) 100vw, 300px" /></figure>



<h2 class="wp-block-heading">Lebensraum</h2>



<p>Die Waldohreule bevorzugt dichte Nadel- und Mischwälder als Ruhe- und Brutplatz. Die Jagd findet vorwiegend auf den an Wälder angrenzenden, freien Flächen statt. Im Kreis Ludwigsburg gehört die Waldohreule zu den regelmäßigen Brutvögeln. Aufgrund ihrer fast perfekten Tarnung und heimlichen Lebensweise bekommt man die Waldohreule besonders im Sommerhalbjahr nur schwer zu Gesicht. Im Winter sammeln sich Waldohreulen oft in bis zu zwei- oder sogar dreistelliger Anzahl in so genannten Schlafgemeinschaften.</p>



<h2 class="wp-block-heading">Nahrung</h2>



<p>Hauptnahrung der Waldohreule sind kleine Wühlmäuse. Diese machen über 80% ihrer Beutetiere aus. Nur gelegentlich werden andere Mäusearten oder Kleinvögel erbeutet.</p>



<h2 class="wp-block-heading">Schutzmaßnahmen</h2>



<p>Die Waldohreule ist in Deutschland nach dem Waldkauz die häufigste Eulenart und bedarf üblicherweise keiner gezielten Artenhilfsprogramme. Günstig für die Waldohreule wirken sich erhaltengebliebene Krähen-, Tauben- sowie Elsternnester an Waldrändern aber auch in Hausgärten, Parks und Friedhöfen als Brutplatz aus.</p>



<p>Da Waldohreulen oft in menschlicher Nähe brüten, werden regelmäßig Jungvögel im Ästlingsstadium aufgefunden und in Auffangstationen abgegeben. In der Regel würden die Ästlinge von den Altvögeln weiter versorgt, sollten also vor Ort belassen werden. Im Zweifelsfall sollte ein Experte zur Rat gezogen werden, welcher die Entscheidung treffen kann, ob es notwendig ist, die Jungvögel in menschliche Obhut zu nehmen und per Hand aufzuziehen.</p>



<figure class="wp-block-image size-full"><img loading="lazy" decoding="async" width="300" height="225" src="http://janescher.de/wp-content/uploads/2025/10/Waldohreule_Aufzucht-300x225-1.jpg" alt="" class="wp-image-303" srcset="https://www.eulenforschung.de/wp-content/uploads/2025/10/Waldohreule_Aufzucht-300x225-1.jpg 300w, https://www.eulenforschung.de/wp-content/uploads/2025/10/Waldohreule_Aufzucht-300x225-1-240x180.jpg 240w" sizes="auto, (max-width: 300px) 100vw, 300px" /></figure>

<p>Merkmale Die Waldohreule ist so groß wie die Schleiereule. Auffallend sind ihre langen, meist hochaufgerichteten Federohren und ihre feuergelben bis glutroten Augen. Das Gefieder ist oberseits gelblich-braun mit dunklen Schaftstrichen.&hellip;</p>

<!-- This site is optimized with the Yoast SEO plugin v27.5 - https://yoast.com/product/yoast-seo-wordpress/ -->
<title>Die Waldohreule (Asio utus) - FOGE-Eulenforschung</title>
<meta name="robots" content="index, follow, max-snippet:-1, max-image-preview:large, max-video-preview:-1" />
<link rel="canonical" href="https://www.eulenforschung.de/index.php/waldohreule/" />
<meta property="og:locale" content="de_DE" />
<meta property="og:type" content="article" />
<meta property="og:title" content="Die Waldohreule (Asio utus) - FOGE-Eulenforschung" />
<meta property="og:description" content="Merkmale Die Waldohreule ist so groß wie die Schleiereule. Auffallend sind ihre langen, meist hochaufgerichteten Federohren und ihre feuergelben bis glutroten Augen. Das Gefieder ist oberseits gelblich-braun mit dunklen Schaftstrichen.&hellip;" />
<meta property="og:url" content="https://www.eulenforschung.de/index.php/waldohreule/" />
<meta property="og:site_name" content="FOGE-Eulenforschung" />
<meta property="article:modified_time" content="2025-10-03T17:16:10+00:00" />
<meta property="og:image" content="http://janescher.de/wp-content/uploads/2025/10/Waldohreule-im-Baum-300x200-1.jpg" />
<meta name="twitter:card" content="summary_large_image" />
<meta name="twitter:label1" content="Geschätzte Lesezeit" />
	<meta name="twitter:data1" content="1 Minute" />
<script type="application/ld+json" class="yoast-schema-graph">{"@context":"https:\/\/schema.org","@graph":[{"@type":"WebPage","@id":"https:\/\/www.eulenforschung.de\/index.php\/waldohreule\/","url":"https:\/\/www.eulenforschung.de\/index.php\/waldohreule\/","name":"Die Waldohreule (Asio utus) - FOGE-Eulenforschung","isPartOf":{"@id":"https:\/\/www.eulenforschung.de\/#website"},"primaryImageOfPage":{"@id":"https:\/\/www.eulenforschung.de\/index.php\/waldohreule\/#primaryimage"},"image":{"@id":"https:\/\/www.eulenforschung.de\/index.php\/waldohreule\/#primaryimage"},"thumbnailUrl":"http:\/\/janescher.de\/wp-content\/uploads\/2025\/10\/Waldohreule-im-Baum-300x200-1.jpg","datePublished":"2025-10-03T15:08:02+00:00","dateModified":"2025-10-03T17:16:10+00:00","breadcrumb":{"@id":"https:\/\/www.eulenforschung.de\/index.php\/waldohreule\/#breadcrumb"},"inLanguage":"de","potentialAction":[{"@type":"ReadAction","target":["https:\/\/www.eulenforschung.de\/index.php\/waldohreule\/"]}]},{"@type":"ImageObject","inLanguage":"de","@id":"https:\/\/www.eulenforschung.de\/index.php\/waldohreule\/#primaryimage","url":"http:\/\/janescher.de\/wp-content\/uploads\/2025\/10\/Waldohreule-im-Baum-300x200-1.jpg","contentUrl":"http:\/\/janescher.de\/wp-content\/uploads\/2025\/10\/Waldohreule-im-Baum-300x200-1.jpg"},{"@type":"BreadcrumbList","@id":"https:\/\/www.eulenforschung.de\/index.php\/waldohreule\/#breadcrumb","itemListElement":[{"@type":"ListItem","position":1,"name":"Startseite","item":"https:\/\/www.eulenforschung.de\/"},{"@type":"ListItem","position":2,"name":"Die Waldohreule (Asio utus)"}]},{"@type":"WebSite","@id":"https:\/\/www.eulenforschung.de\/#website","url":"https:\/\/www.eulenforschung.de\/","name":"FOGE-Eulenforschung","description":"Forschungsgemeinschaft zur Erhaltung einheimischer Eulen e.V.","alternateName":"Forschungsgemeinschaft zur Erhaltung einheimischer Eulen e.V.","potentialAction":[{"@type":"SearchAction","target":{"@type":"EntryPoint","urlTemplate":"https:\/\/www.eulenforschung.de\/?s={search_term_string}"},"query-input":{"@type":"PropertyValueSpecification","valueRequired":true,"valueName":"search_term_string"}}],"inLanguage":"de"}]}</script>
<!-- / Yoast SEO plugin. -->

Merkmale Die Waldohreule ist so groß wie die Schleiereule. Auffallend sind ihre langen, meist hochaufgerichteten Federohren und ihre feuergelben bis glutroten Augen. Das Gefieder ist oberseits gelblich-braun mit dunklen Schaftstrichen.&hellip;
