{"id":276,"date":"2025-10-03T16:48:12","date_gmt":"2025-10-03T14:48:12","guid":{"rendered":"http:\/\/janescher.de\/?page_id=276"},"modified":"2025-10-04T16:46:17","modified_gmt":"2025-10-04T14:46:17","slug":"haeufige-fragen","status":"publish","type":"page","link":"https:\/\/www.eulenforschung.de\/index.php\/haeufige-fragen\/","title":{"rendered":"H\u00e4ufige Fragen"},"content":{"rendered":"\n<h2 class=\"wp-block-heading\">Was soll ich tun, wenn&#8230;<\/h2>\n\n\n\n<h2 class=\"wp-block-heading\">Wenn ich einen Ringfund melden m\u00f6chte:<\/h2>\n\n\n\n<p>Jeder beringte Wildvogel ist Teil einer wissenschaftlichen Untersuchung. Umso wichtiger ist die Meldung von Ringfunden an die zust\u00e4ndigen Beringungszentralen (bei uns in Baden-W\u00fcrttemberg ist das die Vogelwarte Radolfzell). Alle europ\u00e4ischen Beringungszentralen betreiben die gemeinsame Website <a href=\"https:\/\/www.ring.ac\" target=\"_blank\" rel=\"noreferrer noopener\">www.ring.ac<\/a>, auf der jeder Ringfunde \u00fcber ein Formular melden kann. Ringfunde von Steink\u00e4uzen im Kreis Ludwigsburg k\u00f6nnen Sie sehr gerne <a href=\"https:\/\/www.eulenforschung.de\/index.php\/kontakt\/\" data-type=\"page\" data-id=\"122\">auch an uns melden<\/a> \u2013 wir geben die Daten dann an die Vogelwarte Radolfzell weiter. Was wir von Ihnen ben\u00f6tigen, sind neben der Ringnummer der genaue Fundort (gerne mit geografischen Koordinaten oder einer Markierung auf Google Maps), das Funddatum sowie die Umst\u00e4nde des Ringfundes (bei Totfunden z. B. Angabe, ob Verkehrsopfer am Stra\u00dfenrand, verwester Vogel auf Dachboden, von Beutegreifer erlegt etc). Auch ein Belegfoto ist von gro\u00dfem Interesse.<\/p>\n\n\n\n<h2 class=\"wp-block-heading\">Wenn ich einen Steinkauz beobachtet habe:<\/h2>\n\n\n\n<p>Wenn Sie einen Steinkauz im Kreis Ludwigsburg beobachtet haben, ist das f\u00fcr uns wichtig \u2013 besonders, wenn Sie zuf\u00e4llig ein Revier entdeckt haben, welches wir nicht mit unseren Nisthilfen betreuen. Speziell Bruten in Naturh\u00f6hlen oder an Geb\u00e4uden sind f\u00fcr uns von hohem Interesse. Wir freuen uns \u00fcber Ihre Nachricht, m\u00f6glichst mit Angabe von Beobachtungsdatum, Uhrzeit und dem genauen Ort. Bruten in den von uns betreuten Nistk\u00e4sten sind uns aufgrund der in regelm\u00e4\u00dfigen Abst\u00e4nden erfolgenden Kontrollen bekannt. Sollte Ihnen dort etwas au\u00dfergew\u00f6hnliches auffallen, w\u00fcrden wir uns \u00fcber <a href=\"https:\/\/www.eulenforschung.de\/index.php\/kontakt\/\" data-type=\"page\" data-id=\"122\">R\u00fcckmeldung <\/a>freuen.<\/p>\n\n\n\n<h2 class=\"wp-block-heading\">Wenn ich eine verletzte oder hilflose Eule finde:<\/h2>\n\n\n\n<p>In Ausnahmef\u00e4llen kann der FOGE-Vorsitzende <a href=\"https:\/\/www.eulenforschung.de\/index.php\/kontakt\/\" data-type=\"page\" data-id=\"122\">Herbert Keil <\/a>verletzte Eulen gesund pflegen und wieder auswildern. Er verf\u00fcgt allerdings nur \u00fcber sehr begrenzte r\u00e4umliche und zeitliche Kapazit\u00e4ten. Wir empfehlen daher, dasss Sie sich beim Fund einer verletzten Eule oder eines Greifvogels bei uns im Kreis Ludwigsburg an die <a href=\"https:\/\/www.nabu-badfriedrichshall.de\/greifvogelpflegestation-bad-friedrichshall\/\" target=\"_blank\" rel=\"noreferrer noopener\">NABU-Greifvogelpflegestation<\/a> in Bad Friedrichshall im Nachbarkreis Heilbronn wenden. Achtung: bei vielen Eulenarten verlassen die Jungv\u00f6gel als so genannte \u201e\u00c4stlinge\u201c den Brutplatz, bevor sie flugf\u00e4hig sind. Fast immer werden sie von den Altv\u00f6geln weiter versorgt. Sie sollten daher nur in sehr begr\u00fcndeten F\u00e4llen in menschliche Obhut genommen werden. Bitte nicht \u201eauf Verdacht\u201c mitnehmen, sondern vorher R\u00fccksprache mit Experten halten!<\/p>\n\n\n\n<h2 class=\"wp-block-heading\">Wenn ein Baum mit einer Steinkauzr\u00f6hre umgefallen ist:<\/h2>\n\n\n\n<p>Immer wieder kommt es vor, dass B\u00e4ume mit Brutr\u00f6hren bei einem Sturm umfallen oder \u00c4ste mitsamt der Nisthilfe abbrechen. Alle von uns betreuten Steinkauzr\u00f6hren sind mit einem gr\u00fcnen Etikett versehen, auf dem unsere Kontaktdaten vermerkt sind. Die meisten anderen Steinkauzprojektgruppen in Deutschland bringen ebenfalls ihre Kontaktdaten an ihren Nistr\u00f6hren an. <a href=\"https:\/\/www.eulenforschung.de\/index.php\/kontakt\/\" data-type=\"page\" data-id=\"122\">Bitte melden Sie sich<\/a> bei uns so schnell wie m\u00f6glich, wenn Sie z.B. bei einem Spaziergang in einer Streuobstwiese feststellen, dass eine von uns betreute R\u00f6hre mitsamt Baum oder Ast am Boden liegt.<\/p>\n\n\n\n<h2 class=\"wp-block-heading\">Wenn ein Baum mit einer Steinkauzr\u00f6hre gef\u00e4llt werden muss:<\/h2>\n\n\n\n<p>Der Steinkauz ist eine nach \u00a742 des Bundesnaturschutzgesetz streng gesch\u00fctzte Art. Es ist daher verboten, ihn an seinen Lebensst\u00e4tten zu st\u00f6ren. Damit ist auch die Zerst\u00f6rung von Bruth\u00f6hlen oder Tageseinst\u00e4nden verboten. Dennoch treten immer wieder Einzelf\u00e4lle auf, in denen das F\u00e4llen eines Baumes unumg\u00e4nglich ist. Bitte nehmen Sie mit uns fr\u00fchzeitig <a href=\"https:\/\/www.eulenforschung.de\/index.php\/kontakt\/\" data-type=\"page\" data-id=\"122\">Kontakt <\/a>auf, wenn Sie im Kreis Ludwigsburg einen Baum mit einer Brutr\u00f6hre f\u00e4llen m\u00fcssen. Sicher finden wir eine L\u00f6sung.<\/p>\n\n\n\n<h2 class=\"wp-block-heading\">Wenn ich auf meinem Grundst\u00fcck Steink\u00e4uze ansiedeln m\u00f6chte:<\/h2>\n\n\n\n<p>Hochst\u00e4mmige Obstb\u00e4ume (besonders Apfel oder Birne) in Streuobstwiesen sind potentiell zum Anbringen von Steinkauzr\u00f6hren geeignet. Sofern es ausreichend kr\u00e4ftige Quer\u00e4ste gibt, k\u00f6nnen aber auch durchaus niedrigst\u00e4mmige B\u00e4ume in Frage kommen. Gerne werden auch H\u00f6hlen in freistehenden B\u00e4umen in der Feldflur angenommen. Wenn Sie Eigent\u00fcmer eines Grundst\u00fcckes sind, welches diese M\u00f6glichkeiten bietet, pr\u00fcfen wir gerne, ob das Anbringen einer Nistr\u00f6hre sinnvoll ist. <a href=\"https:\/\/www.eulenforschung.de\/index.php\/kontakt\/\" data-type=\"page\" data-id=\"122\">Melden <\/a>Sie sich einfach bei uns, damit wir einen Termin vor Ort vereinbaren k\u00f6nnen.<\/p>\n\n\n\n<h2 class=\"wp-block-heading\">Wenn ich aktiv beim Steinkauzschutz helfen m\u00f6chte:<\/h2>\n\n\n\n<p>Dann sind Sie bei uns genau richtig. <a href=\"https:\/\/www.eulenforschung.de\/index.php\/sie-wollen-uns-helfen\/\" data-type=\"page\" data-id=\"97\"><strong>Hier<\/strong> <\/a>finden Sie weitere Informationen.<\/p>\n","protected":false},"excerpt":{"rendered":"<p>Was soll ich tun, wenn&#8230; Wenn ich einen Ringfund melden m\u00f6chte: Jeder beringte Wildvogel ist Teil einer wissenschaftlichen Untersuchung. Umso wichtiger ist die Meldung von Ringfunden an die zust\u00e4ndigen Beringungszentralen&hellip;<\/p>\n","protected":false},"author":1,"featured_media":0,"parent":0,"menu_order":0,"comment_status":"closed","ping_status":"closed","template":"","meta":{"footnotes":""},"class_list":["post-276","page","type-page","status-publish","hentry","empty-entry-meta"],"yoast_head":"<!-- This site is optimized with the Yoast SEO plugin v27.3 - https:\/\/yoast.com\/product\/yoast-seo-wordpress\/ -->\n<title>H\u00e4ufige Fragen - FOGE-Eulenforschung<\/title>\n<meta name=\"robots\" content=\"index, follow, max-snippet:-1, max-image-preview:large, max-video-preview:-1\" \/>\n<link rel=\"canonical\" href=\"https:\/\/www.eulenforschung.de\/index.php\/haeufige-fragen\/\" \/>\n<meta property=\"og:locale\" content=\"de_DE\" \/>\n<meta property=\"og:type\" content=\"article\" \/>\n<meta property=\"og:title\" content=\"H\u00e4ufige Fragen - FOGE-Eulenforschung\" \/>\n<meta property=\"og:description\" content=\"Was soll ich tun, wenn&#8230; Wenn ich einen Ringfund melden m\u00f6chte: Jeder beringte Wildvogel ist Teil einer wissenschaftlichen Untersuchung. Umso wichtiger ist die Meldung von Ringfunden an die zust\u00e4ndigen Beringungszentralen&hellip;\" \/>\n<meta property=\"og:url\" content=\"https:\/\/www.eulenforschung.de\/index.php\/haeufige-fragen\/\" \/>\n<meta property=\"og:site_name\" content=\"FOGE-Eulenforschung\" \/>\n<meta property=\"article:modified_time\" content=\"2025-10-04T14:46:17+00:00\" \/>\n<meta name=\"twitter:card\" content=\"summary_large_image\" \/>\n<meta name=\"twitter:label1\" content=\"Gesch\u00e4tzte Lesezeit\" \/>\n\t<meta name=\"twitter:data1\" content=\"3\u00a0Minuten\" \/>\n<script type=\"application\/ld+json\" class=\"yoast-schema-graph\">{\"@context\":\"https:\\\/\\\/schema.org\",\"@graph\":[{\"@type\":\"WebPage\",\"@id\":\"https:\\\/\\\/www.eulenforschung.de\\\/index.php\\\/haeufige-fragen\\\/\",\"url\":\"https:\\\/\\\/www.eulenforschung.de\\\/index.php\\\/haeufige-fragen\\\/\",\"name\":\"H\u00e4ufige Fragen - FOGE-Eulenforschung\",\"isPartOf\":{\"@id\":\"https:\\\/\\\/www.eulenforschung.de\\\/#website\"},\"datePublished\":\"2025-10-03T14:48:12+00:00\",\"dateModified\":\"2025-10-04T14:46:17+00:00\",\"breadcrumb\":{\"@id\":\"https:\\\/\\\/www.eulenforschung.de\\\/index.php\\\/haeufige-fragen\\\/#breadcrumb\"},\"inLanguage\":\"de\",\"potentialAction\":[{\"@type\":\"ReadAction\",\"target\":[\"https:\\\/\\\/www.eulenforschung.de\\\/index.php\\\/haeufige-fragen\\\/\"]}]},{\"@type\":\"BreadcrumbList\",\"@id\":\"https:\\\/\\\/www.eulenforschung.de\\\/index.php\\\/haeufige-fragen\\\/#breadcrumb\",\"itemListElement\":[{\"@type\":\"ListItem\",\"position\":1,\"name\":\"Startseite\",\"item\":\"https:\\\/\\\/www.eulenforschung.de\\\/\"},{\"@type\":\"ListItem\",\"position\":2,\"name\":\"H\u00e4ufige Fragen\"}]},{\"@type\":\"WebSite\",\"@id\":\"https:\\\/\\\/www.eulenforschung.de\\\/#website\",\"url\":\"https:\\\/\\\/www.eulenforschung.de\\\/\",\"name\":\"FOGE-Eulenforschung\",\"description\":\"Forschungsgemeinschaft zur Erhaltung einheimischer Eulen e.V.\",\"alternateName\":\"Forschungsgemeinschaft zur Erhaltung einheimischer Eulen e.V.\",\"potentialAction\":[{\"@type\":\"SearchAction\",\"target\":{\"@type\":\"EntryPoint\",\"urlTemplate\":\"https:\\\/\\\/www.eulenforschung.de\\\/?s={search_term_string}\"},\"query-input\":{\"@type\":\"PropertyValueSpecification\",\"valueRequired\":true,\"valueName\":\"search_term_string\"}}],\"inLanguage\":\"de\"}]}<\/script>\n<!-- \/ Yoast SEO plugin. -->","yoast_head_json":{"title":"H\u00e4ufige Fragen - FOGE-Eulenforschung","robots":{"index":"index","follow":"follow","max-snippet":"max-snippet:-1","max-image-preview":"max-image-preview:large","max-video-preview":"max-video-preview:-1"},"canonical":"https:\/\/www.eulenforschung.de\/index.php\/haeufige-fragen\/","og_locale":"de_DE","og_type":"article","og_title":"H\u00e4ufige Fragen - FOGE-Eulenforschung","og_description":"Was soll ich tun, wenn&#8230; Wenn ich einen Ringfund melden m\u00f6chte: Jeder beringte Wildvogel ist Teil einer wissenschaftlichen Untersuchung. Umso wichtiger ist die Meldung von Ringfunden an die zust\u00e4ndigen Beringungszentralen&hellip;","og_url":"https:\/\/www.eulenforschung.de\/index.php\/haeufige-fragen\/","og_site_name":"FOGE-Eulenforschung","article_modified_time":"2025-10-04T14:46:17+00:00","twitter_card":"summary_large_image","twitter_misc":{"Gesch\u00e4tzte Lesezeit":"3\u00a0Minuten"},"schema":{"@context":"https:\/\/schema.org","@graph":[{"@type":"WebPage","@id":"https:\/\/www.eulenforschung.de\/index.php\/haeufige-fragen\/","url":"https:\/\/www.eulenforschung.de\/index.php\/haeufige-fragen\/","name":"H\u00e4ufige Fragen - FOGE-Eulenforschung","isPartOf":{"@id":"https:\/\/www.eulenforschung.de\/#website"},"datePublished":"2025-10-03T14:48:12+00:00","dateModified":"2025-10-04T14:46:17+00:00","breadcrumb":{"@id":"https:\/\/www.eulenforschung.de\/index.php\/haeufige-fragen\/#breadcrumb"},"inLanguage":"de","potentialAction":[{"@type":"ReadAction","target":["https:\/\/www.eulenforschung.de\/index.php\/haeufige-fragen\/"]}]},{"@type":"BreadcrumbList","@id":"https:\/\/www.eulenforschung.de\/index.php\/haeufige-fragen\/#breadcrumb","itemListElement":[{"@type":"ListItem","position":1,"name":"Startseite","item":"https:\/\/www.eulenforschung.de\/"},{"@type":"ListItem","position":2,"name":"H\u00e4ufige Fragen"}]},{"@type":"WebSite","@id":"https:\/\/www.eulenforschung.de\/#website","url":"https:\/\/www.eulenforschung.de\/","name":"FOGE-Eulenforschung","description":"Forschungsgemeinschaft zur Erhaltung einheimischer Eulen e.V.","alternateName":"Forschungsgemeinschaft zur Erhaltung einheimischer Eulen e.V.","potentialAction":[{"@type":"SearchAction","target":{"@type":"EntryPoint","urlTemplate":"https:\/\/www.eulenforschung.de\/?s={search_term_string}"},"query-input":{"@type":"PropertyValueSpecification","valueRequired":true,"valueName":"search_term_string"}}],"inLanguage":"de"}]}},"_links":{"self":[{"href":"https:\/\/www.eulenforschung.de\/index.php\/wp-json\/wp\/v2\/pages\/276","targetHints":{"allow":["GET"]}}],"collection":[{"href":"https:\/\/www.eulenforschung.de\/index.php\/wp-json\/wp\/v2\/pages"}],"about":[{"href":"https:\/\/www.eulenforschung.de\/index.php\/wp-json\/wp\/v2\/types\/page"}],"author":[{"embeddable":true,"href":"https:\/\/www.eulenforschung.de\/index.php\/wp-json\/wp\/v2\/users\/1"}],"replies":[{"embeddable":true,"href":"https:\/\/www.eulenforschung.de\/index.php\/wp-json\/wp\/v2\/comments?post=276"}],"version-history":[{"count":2,"href":"https:\/\/www.eulenforschung.de\/index.php\/wp-json\/wp\/v2\/pages\/276\/revisions"}],"predecessor-version":[{"id":397,"href":"https:\/\/www.eulenforschung.de\/index.php\/wp-json\/wp\/v2\/pages\/276\/revisions\/397"}],"wp:attachment":[{"href":"https:\/\/www.eulenforschung.de\/index.php\/wp-json\/wp\/v2\/media?parent=276"}],"curies":[{"name":"wp","href":"https:\/\/api.w.org\/{rel}","templated":true}]}}