{"id":122,"date":"2025-09-20T18:29:04","date_gmt":"2025-09-20T16:29:04","guid":{"rendered":"http:\/\/janescher.de\/?page_id=122"},"modified":"2026-01-09T06:51:53","modified_gmt":"2026-01-09T05:51:53","slug":"kontakt","status":"publish","type":"page","link":"https:\/\/www.eulenforschung.de\/index.php\/kontakt\/","title":{"rendered":"Kontakt"},"content":{"rendered":"\n<p>Wir freuen uns \u00fcber jeden, der sich f\u00fcr unsere Arbeit interessiert! Ganz gleich, ob Sie uns bei unserer praktischen Arbeit unterst\u00fctzen, \u00fcber unsere Aktivit\u00e4ten berichten oder Erfahrungen austauschen m\u00f6chten \u2013 scheuen Sie sich bitte nicht, uns eine Mail zu senden! Vielleicht kommen Sie auch einfach bei einem unserer <a href=\"https:\/\/www.eulenforschung.de\/index.php\/termine\/\" data-type=\"page\" data-id=\"54\">anstehenden Treffen <\/a>vorbei?<\/p>\n\n\n\n<p>Bei Fragen zu unserem kreisweiten Steinkauzprojekt wenden Sie sich bitte an Herrn Birger Meierjohann, der 2024 die Projektkoordination \u00fcbernommen hat: eulenforschung@yahoo.com<\/p>\n\n\n\n<p><\/p>\n\n\n\n<p><\/p>\n\n\n\n<p>Den Kontakt zu unserem 1. Vorsitzenden, Herrn Herbert Keil, finden Sie im&nbsp;<a href=\"https:\/\/www.eulenforschung.de\/index.php\/impressum\/\" data-type=\"page\" data-id=\"49\">Impressum<\/a>.<\/p>\n\n\n\n<div style=\"height:67px\" aria-hidden=\"true\" class=\"wp-block-spacer\"><\/div>\n\n\n\n<h2 class=\"wp-block-heading\">Weiterf\u00fchrende Links<\/h2>\n\n\n\n<p>Sind Sie eulens\u00fcchtig? Dann listen wir Ihnen hier mal ein paar Seiten auf, auf denen Sie noch weitere Informationen zu Eulen finden. Wenn Sie Ihrerseits auf eine interessante Seite sto\u00dfen, w\u00fcrden wir uns freuen, wenn Sie uns Ihre Empfehlung mitteilen.<\/p>\n\n\n\n<p>Hier sind unsere Tipps (bitte beachten Sie dabei, dass wir keine Haftung f\u00fcr diese Links \u00fcbernehmen k\u00f6nnen. Weitere Informationen dazu erhalten Sie <a href=\"https:\/\/www.eulenforschung.de\/index.php\/datenschutzerklaerung\/\" data-type=\"page\" data-id=\"179\">hier<\/a>):<\/p>\n\n\n\n<ul class=\"wp-block-list\">\n<li>Die Deutsche Arbeitsgemeinschaft zum Schutz der Eulen (AG Eulen) e.V. ist der Zusammenschluss deutschsprachiger Eulenfachleute <a href=\"https:\/\/www.ageulen.de\" target=\"_blank\" rel=\"noreferrer noopener\">www.ageulen.de<\/a><\/li>\n\n\n\n<li>Die Gesellschaft zur Erhaltung der Eulen e. V. (EGE) ist der Zusammenschluss engagierter Praktiker und Wissenschaftler im Naturschutz. Ihre Arbeit gilt dem Schutz der 13 europ\u00e4ischen Eulenarten: <a href=\"https:\/\/www.egeeulen.de\" target=\"_blank\" rel=\"noreferrer noopener\">www.egeeulen.de<\/a><\/li>\n\n\n\n<li>Das Monitoringprogramm MEROS befasst sich mit der Datensammlung zu Bestand und Reproduktion von 16 Greifvogel- und 8 Eulenarten: <a href=\"https:\/\/www.greifvogelmonitoring.de\" target=\"_blank\" rel=\"noreferrer noopener\">www.greifvogelmonitoring.de<\/a><\/li>\n\n\n\n<li>Besuchen Sie doch auch mal die Seiten des Landesverbands Eulen-Schutz in Schleswig Holstein: <a href=\"https:\/\/www.eulen.de\" target=\"_blank\" rel=\"noreferrer noopener\">www.eulen.de<\/a><\/li>\n\n\n\n<li>Bei verschiedenen Projekten haben wir eng mit der Schweizerischen Vogelwarte Sempach zusammengearbeitet: <a href=\"https:\/\/www.vogelwarte.ch\" target=\"_blank\" rel=\"noreferrer noopener\">www.vogelwarte.ch<\/a><\/li>\n\n\n\n<li>Schlie\u00dflich empfehlen wir Ihnen noch die Seiten unseres Partners, der Vogelwarte Radolfzell: <a href=\"https:\/\/www.ab.mpg.de\">www.ab.mpg.de<\/a><\/li>\n<\/ul>\n","protected":false},"excerpt":{"rendered":"<p>Wir freuen uns \u00fcber jeden, der sich f\u00fcr unsere Arbeit interessiert! Ganz gleich, ob Sie uns bei unserer praktischen Arbeit unterst\u00fctzen, \u00fcber unsere Aktivit\u00e4ten berichten oder Erfahrungen austauschen m\u00f6chten \u2013&hellip;<\/p>\n","protected":false},"author":1,"featured_media":0,"parent":0,"menu_order":0,"comment_status":"closed","ping_status":"closed","template":"","meta":{"footnotes":""},"class_list":["post-122","page","type-page","status-publish","hentry","empty-entry-meta"],"yoast_head":"<!-- This site is optimized with the Yoast SEO plugin v27.3 - https:\/\/yoast.com\/product\/yoast-seo-wordpress\/ -->\n<title>Kontakt - FOGE-Eulenforschung<\/title>\n<meta name=\"robots\" content=\"index, follow, max-snippet:-1, max-image-preview:large, max-video-preview:-1\" \/>\n<link rel=\"canonical\" href=\"https:\/\/www.eulenforschung.de\/index.php\/kontakt\/\" \/>\n<meta property=\"og:locale\" content=\"de_DE\" \/>\n<meta property=\"og:type\" content=\"article\" \/>\n<meta property=\"og:title\" content=\"Kontakt - FOGE-Eulenforschung\" \/>\n<meta property=\"og:description\" content=\"Wir freuen uns \u00fcber jeden, der sich f\u00fcr unsere Arbeit interessiert! Ganz gleich, ob Sie uns bei unserer praktischen Arbeit unterst\u00fctzen, \u00fcber unsere Aktivit\u00e4ten berichten oder Erfahrungen austauschen m\u00f6chten \u2013&hellip;\" \/>\n<meta property=\"og:url\" content=\"https:\/\/www.eulenforschung.de\/index.php\/kontakt\/\" \/>\n<meta property=\"og:site_name\" content=\"FOGE-Eulenforschung\" \/>\n<meta property=\"article:modified_time\" content=\"2026-01-09T05:51:53+00:00\" \/>\n<meta name=\"twitter:card\" content=\"summary_large_image\" \/>\n<meta name=\"twitter:label1\" content=\"Gesch\u00e4tzte Lesezeit\" \/>\n\t<meta name=\"twitter:data1\" content=\"2\u00a0Minuten\" \/>\n<script type=\"application\/ld+json\" class=\"yoast-schema-graph\">{\"@context\":\"https:\\\/\\\/schema.org\",\"@graph\":[{\"@type\":\"WebPage\",\"@id\":\"https:\\\/\\\/www.eulenforschung.de\\\/index.php\\\/kontakt\\\/\",\"url\":\"https:\\\/\\\/www.eulenforschung.de\\\/index.php\\\/kontakt\\\/\",\"name\":\"Kontakt - FOGE-Eulenforschung\",\"isPartOf\":{\"@id\":\"https:\\\/\\\/www.eulenforschung.de\\\/#website\"},\"datePublished\":\"2025-09-20T16:29:04+00:00\",\"dateModified\":\"2026-01-09T05:51:53+00:00\",\"breadcrumb\":{\"@id\":\"https:\\\/\\\/www.eulenforschung.de\\\/index.php\\\/kontakt\\\/#breadcrumb\"},\"inLanguage\":\"de\",\"potentialAction\":[{\"@type\":\"ReadAction\",\"target\":[\"https:\\\/\\\/www.eulenforschung.de\\\/index.php\\\/kontakt\\\/\"]}]},{\"@type\":\"BreadcrumbList\",\"@id\":\"https:\\\/\\\/www.eulenforschung.de\\\/index.php\\\/kontakt\\\/#breadcrumb\",\"itemListElement\":[{\"@type\":\"ListItem\",\"position\":1,\"name\":\"Startseite\",\"item\":\"https:\\\/\\\/www.eulenforschung.de\\\/\"},{\"@type\":\"ListItem\",\"position\":2,\"name\":\"Kontakt\"}]},{\"@type\":\"WebSite\",\"@id\":\"https:\\\/\\\/www.eulenforschung.de\\\/#website\",\"url\":\"https:\\\/\\\/www.eulenforschung.de\\\/\",\"name\":\"FOGE-Eulenforschung\",\"description\":\"Forschungsgemeinschaft zur Erhaltung einheimischer Eulen e.V.\",\"alternateName\":\"Forschungsgemeinschaft zur Erhaltung einheimischer Eulen e.V.\",\"potentialAction\":[{\"@type\":\"SearchAction\",\"target\":{\"@type\":\"EntryPoint\",\"urlTemplate\":\"https:\\\/\\\/www.eulenforschung.de\\\/?s={search_term_string}\"},\"query-input\":{\"@type\":\"PropertyValueSpecification\",\"valueRequired\":true,\"valueName\":\"search_term_string\"}}],\"inLanguage\":\"de\"}]}<\/script>\n<!-- \/ Yoast SEO plugin. -->","yoast_head_json":{"title":"Kontakt - FOGE-Eulenforschung","robots":{"index":"index","follow":"follow","max-snippet":"max-snippet:-1","max-image-preview":"max-image-preview:large","max-video-preview":"max-video-preview:-1"},"canonical":"https:\/\/www.eulenforschung.de\/index.php\/kontakt\/","og_locale":"de_DE","og_type":"article","og_title":"Kontakt - FOGE-Eulenforschung","og_description":"Wir freuen uns \u00fcber jeden, der sich f\u00fcr unsere Arbeit interessiert! Ganz gleich, ob Sie uns bei unserer praktischen Arbeit unterst\u00fctzen, \u00fcber unsere Aktivit\u00e4ten berichten oder Erfahrungen austauschen m\u00f6chten \u2013&hellip;","og_url":"https:\/\/www.eulenforschung.de\/index.php\/kontakt\/","og_site_name":"FOGE-Eulenforschung","article_modified_time":"2026-01-09T05:51:53+00:00","twitter_card":"summary_large_image","twitter_misc":{"Gesch\u00e4tzte Lesezeit":"2\u00a0Minuten"},"schema":{"@context":"https:\/\/schema.org","@graph":[{"@type":"WebPage","@id":"https:\/\/www.eulenforschung.de\/index.php\/kontakt\/","url":"https:\/\/www.eulenforschung.de\/index.php\/kontakt\/","name":"Kontakt - FOGE-Eulenforschung","isPartOf":{"@id":"https:\/\/www.eulenforschung.de\/#website"},"datePublished":"2025-09-20T16:29:04+00:00","dateModified":"2026-01-09T05:51:53+00:00","breadcrumb":{"@id":"https:\/\/www.eulenforschung.de\/index.php\/kontakt\/#breadcrumb"},"inLanguage":"de","potentialAction":[{"@type":"ReadAction","target":["https:\/\/www.eulenforschung.de\/index.php\/kontakt\/"]}]},{"@type":"BreadcrumbList","@id":"https:\/\/www.eulenforschung.de\/index.php\/kontakt\/#breadcrumb","itemListElement":[{"@type":"ListItem","position":1,"name":"Startseite","item":"https:\/\/www.eulenforschung.de\/"},{"@type":"ListItem","position":2,"name":"Kontakt"}]},{"@type":"WebSite","@id":"https:\/\/www.eulenforschung.de\/#website","url":"https:\/\/www.eulenforschung.de\/","name":"FOGE-Eulenforschung","description":"Forschungsgemeinschaft zur Erhaltung einheimischer Eulen e.V.","alternateName":"Forschungsgemeinschaft zur Erhaltung einheimischer Eulen e.V.","potentialAction":[{"@type":"SearchAction","target":{"@type":"EntryPoint","urlTemplate":"https:\/\/www.eulenforschung.de\/?s={search_term_string}"},"query-input":{"@type":"PropertyValueSpecification","valueRequired":true,"valueName":"search_term_string"}}],"inLanguage":"de"}]}},"_links":{"self":[{"href":"https:\/\/www.eulenforschung.de\/index.php\/wp-json\/wp\/v2\/pages\/122","targetHints":{"allow":["GET"]}}],"collection":[{"href":"https:\/\/www.eulenforschung.de\/index.php\/wp-json\/wp\/v2\/pages"}],"about":[{"href":"https:\/\/www.eulenforschung.de\/index.php\/wp-json\/wp\/v2\/types\/page"}],"author":[{"embeddable":true,"href":"https:\/\/www.eulenforschung.de\/index.php\/wp-json\/wp\/v2\/users\/1"}],"replies":[{"embeddable":true,"href":"https:\/\/www.eulenforschung.de\/index.php\/wp-json\/wp\/v2\/comments?post=122"}],"version-history":[{"count":7,"href":"https:\/\/www.eulenforschung.de\/index.php\/wp-json\/wp\/v2\/pages\/122\/revisions"}],"predecessor-version":[{"id":506,"href":"https:\/\/www.eulenforschung.de\/index.php\/wp-json\/wp\/v2\/pages\/122\/revisions\/506"}],"wp:attachment":[{"href":"https:\/\/www.eulenforschung.de\/index.php\/wp-json\/wp\/v2\/media?parent=122"}],"curies":[{"name":"wp","href":"https:\/\/api.w.org\/{rel}","templated":true}]}}